{"id":2,"date":"2021-09-26T22:09:41","date_gmt":"2021-09-26T21:09:41","guid":{"rendered":"https:\/\/sct.rs\/blog\/?page_id=2"},"modified":"2021-10-15T00:50:53","modified_gmt":"2021-10-14T23:50:53","slug":"about-sct-blog","status":"publish","type":"page","link":"https:\/\/sct.rs\/blog\/about\/about-sct-blog\/","title":{"rendered":"SCT blog"},"content":{"rendered":"\n<figure class=\"wp-block-image size-full\"><img loading=\"lazy\" decoding=\"async\" width=\"740\" height=\"502\" src=\"https:\/\/sct.rs\/blog\/wp-content\/uploads\/2021\/10\/starta-en-blogg.webp\" alt=\"SCT blog\" class=\"wp-image-122\" srcset=\"https:\/\/sct.rs\/blog\/wp-content\/uploads\/2021\/10\/starta-en-blogg.webp 740w, https:\/\/sct.rs\/blog\/wp-content\/uploads\/2021\/10\/starta-en-blogg-300x204.webp 300w\" sizes=\"auto, (max-width: 740px) 100vw, 740px\" \/><\/figure>\n\n\n\n<p>Ideja da se postavi blog postoji odavno ali nedostatak vremena odlo\u017eio je ovu ideju sve do danas. Pa da krenemo sa pisanjem.<br>U ovom trenutku na internetu postoji na stotine stranica na na\u0161em jeziku a koje se bave automobilizmom. Mnoge informacije iznete na tim stranicama nisu ta\u010dne zato \u0161to autori tekstova nemaju mnogo dodira sa servisiranjem i tuniranjem vozila. I veome \u010desto su tekstovi samo prevod nekih stranih sajtova. Iz tog razloga ja \u017eelim da ne\u0161to napi\u0161em kao neko ko pi\u0161e iz li\u010dnog iskustva a ne kao prevodilac. Vi\u0161e od 10 godina aktivno se bavim prilago\u0111avanjem softvera koji upravlja radom motora, auto dijagnostikom, izradom softverskih alata za modifikacije softvera&#8230; I poslednjih godina upravljam radom servisa.<br>Za sve ove godine stekao sam mnoga znanja i iskustva, sti\u010dem ih svakodnevno. A ona iskustva koja sam elaborirao \u017eelim da podelim sa vama na ovom blogu.<br>Dakle svi tekstovi napisani na stranicama bloga ne predstavljaju stav firme <a href=\"https:\/\/sct.rs\" target=\"_blank\" rel=\"noreferrer noopener\">Safe Chip Tuning d.o.o.<\/a> ve\u0107 moje li\u010dno mi\u0161ljnje kao autora tekstova. To zna\u010di da neke stvari mogu biti i neta\u010dne jer nemaju nau\u010dnu i pravno osnovu. Jednostavno ja iz svog iskustva tako ne\u0161to do\u017eivljavam. Da li sam u pravu procenite sami.<\/p>\n<div class=\"pvc_clear\"><\/div><p id=\"pvc_stats_2\" class=\"pvc_stats all  \" data-element-id=\"2\" style=\"\"><i class=\"pvc-stats-icon medium\" aria-hidden=\"true\"><svg xmlns=\"http:\/\/www.w3.org\/2000\/svg\" version=\"1.0\" viewBox=\"0 0 502 315\" preserveAspectRatio=\"xMidYMid meet\"><g transform=\"translate(0,332) scale(0.1,-0.1)\" fill=\"\" stroke=\"none\"><path d=\"M2394 3279 l-29 -30 -3 -207 c-2 -182 0 -211 15 -242 39 -76 157 -76 196 0 15 31 17 60 15 243 l-3 209 -33 29 c-26 23 -41 29 -80 29 -41 0 -53 -5 -78 -31z\"\/><path d=\"M3085 3251 c-45 -19 -58 -50 -96 -229 -47 -217 -49 -260 -13 -295 52 -53 146 -42 177 20 16 31 87 366 87 410 0 70 -86 122 -155 94z\"\/><path d=\"M1751 3234 c-13 -9 -29 -31 -37 -50 -12 -29 -10 -49 21 -204 19 -94 39 -189 45 -210 14 -50 54 -80 110 -80 34 0 48 6 76 34 21 21 34 44 34 59 0 14 -18 113 -40 219 -37 178 -43 195 -70 221 -36 32 -101 37 -139 11z\"\/><path d=\"M1163 3073 c-36 -7 -73 -59 -73 -102 0 -56 133 -378 171 -413 34 -32 83 -37 129 -13 70 36 67 87 -16 290 -86 209 -89 214 -129 231 -35 14 -42 15 -82 7z\"\/><path d=\"M3689 3066 c-15 -9 -33 -30 -42 -48 -48 -103 -147 -355 -147 -375 0 -98 131 -148 192 -74 13 15 57 108 97 206 80 196 84 226 37 273 -30 30 -99 39 -137 18z\"\/><path d=\"M583 2784 c-38 -19 -67 -74 -58 -113 9 -42 211 -354 242 -373 16 -10 45 -18 66 -18 51 0 107 52 107 100 0 39 -1 41 -124 234 -80 126 -108 162 -133 173 -41 17 -61 16 -100 -3z\"\/><path d=\"M4250 2784 c-14 -9 -74 -91 -133 -183 -95 -150 -107 -173 -107 -213 0 -55 33 -94 87 -104 67 -13 90 8 211 198 130 202 137 225 78 284 -27 27 -42 34 -72 34 -22 0 -50 -8 -64 -16z\"\/><path d=\"M2275 2693 c-553 -48 -1095 -270 -1585 -649 -135 -104 -459 -423 -483 -476 -23 -49 -22 -139 2 -186 73 -142 361 -457 571 -626 285 -228 642 -407 990 -497 242 -63 336 -73 660 -74 310 0 370 5 595 52 535 111 1045 392 1455 803 122 121 250 273 275 326 19 41 19 137 0 174 -41 79 -309 363 -465 492 -447 370 -946 591 -1479 653 -113 14 -422 18 -536 8z m395 -428 c171 -34 330 -124 456 -258 112 -119 167 -219 211 -378 27 -96 24 -300 -5 -401 -72 -255 -236 -447 -474 -557 -132 -62 -201 -76 -368 -76 -167 0 -236 14 -368 76 -213 98 -373 271 -451 485 -162 444 86 934 547 1084 153 49 292 57 452 25z m909 -232 c222 -123 408 -262 593 -441 76 -74 138 -139 138 -144 0 -16 -233 -242 -330 -319 -155 -123 -309 -223 -461 -299 l-81 -41 32 46 c18 26 49 83 70 128 143 306 141 649 -6 957 -25 52 -61 116 -79 142 l-34 47 45 -20 c26 -10 76 -36 113 -56z m-2057 25 c-40 -58 -105 -190 -130 -263 -110 -324 -59 -707 132 -981 25 -35 42 -64 37 -64 -19 0 -241 119 -326 174 -188 122 -406 314 -532 468 l-58 71 108 103 c185 178 428 349 672 473 66 33 121 60 123 61 2 0 -10 -19 -26 -42z\"\/><path d=\"M2375 1950 c-198 -44 -350 -190 -395 -379 -18 -76 -8 -221 19 -290 114 -284 457 -406 731 -260 98 52 188 154 231 260 27 69 37 214 19 290 -38 163 -166 304 -326 360 -67 23 -215 33 -279 19z\"\/><\/g><\/svg><\/i> <img loading=\"lazy\" decoding=\"async\" width=\"16\" height=\"16\" alt=\"Loading\" src=\"https:\/\/sct.rs\/blog\/wp-content\/plugins\/page-views-count\/ajax-loader-2x.gif\" border=0 \/><\/p><div class=\"pvc_clear\"><\/div>","protected":false},"excerpt":{"rendered":"<p>Ideja da se postavi blog postoji odavno ali nedostatak vremena odlo\u017eio je ovu ideju sve do danas. Pa da krenemo sa pisanjem.U ovom trenutku na internetu postoji na stotine stranica na na\u0161em jeziku a&#46;&#46;&#46;<\/p>\n<div class=\"pvc_clear\"><\/div>\n<p id=\"pvc_stats_2\" class=\"pvc_stats all  \" data-element-id=\"2\" style=\"\"><i class=\"pvc-stats-icon medium\" aria-hidden=\"true\"><svg xmlns=\"http:\/\/www.w3.org\/2000\/svg\" version=\"1.0\" viewBox=\"0 0 502 315\" preserveAspectRatio=\"xMidYMid meet\"><g transform=\"translate(0,332) scale(0.1,-0.1)\" fill=\"\" stroke=\"none\"><path d=\"M2394 3279 l-29 -30 -3 -207 c-2 -182 0 -211 15 -242 39 -76 157 -76 196 0 15 31 17 60 15 243 l-3 209 -33 29 c-26 23 -41 29 -80 29 -41 0 -53 -5 -78 -31z\"\/><path d=\"M3085 3251 c-45 -19 -58 -50 -96 -229 -47 -217 -49 -260 -13 -295 52 -53 146 -42 177 20 16 31 87 366 87 410 0 70 -86 122 -155 94z\"\/><path d=\"M1751 3234 c-13 -9 -29 -31 -37 -50 -12 -29 -10 -49 21 -204 19 -94 39 -189 45 -210 14 -50 54 -80 110 -80 34 0 48 6 76 34 21 21 34 44 34 59 0 14 -18 113 -40 219 -37 178 -43 195 -70 221 -36 32 -101 37 -139 11z\"\/><path d=\"M1163 3073 c-36 -7 -73 -59 -73 -102 0 -56 133 -378 171 -413 34 -32 83 -37 129 -13 70 36 67 87 -16 290 -86 209 -89 214 -129 231 -35 14 -42 15 -82 7z\"\/><path d=\"M3689 3066 c-15 -9 -33 -30 -42 -48 -48 -103 -147 -355 -147 -375 0 -98 131 -148 192 -74 13 15 57 108 97 206 80 196 84 226 37 273 -30 30 -99 39 -137 18z\"\/><path d=\"M583 2784 c-38 -19 -67 -74 -58 -113 9 -42 211 -354 242 -373 16 -10 45 -18 66 -18 51 0 107 52 107 100 0 39 -1 41 -124 234 -80 126 -108 162 -133 173 -41 17 -61 16 -100 -3z\"\/><path d=\"M4250 2784 c-14 -9 -74 -91 -133 -183 -95 -150 -107 -173 -107 -213 0 -55 33 -94 87 -104 67 -13 90 8 211 198 130 202 137 225 78 284 -27 27 -42 34 -72 34 -22 0 -50 -8 -64 -16z\"\/><path d=\"M2275 2693 c-553 -48 -1095 -270 -1585 -649 -135 -104 -459 -423 -483 -476 -23 -49 -22 -139 2 -186 73 -142 361 -457 571 -626 285 -228 642 -407 990 -497 242 -63 336 -73 660 -74 310 0 370 5 595 52 535 111 1045 392 1455 803 122 121 250 273 275 326 19 41 19 137 0 174 -41 79 -309 363 -465 492 -447 370 -946 591 -1479 653 -113 14 -422 18 -536 8z m395 -428 c171 -34 330 -124 456 -258 112 -119 167 -219 211 -378 27 -96 24 -300 -5 -401 -72 -255 -236 -447 -474 -557 -132 -62 -201 -76 -368 -76 -167 0 -236 14 -368 76 -213 98 -373 271 -451 485 -162 444 86 934 547 1084 153 49 292 57 452 25z m909 -232 c222 -123 408 -262 593 -441 76 -74 138 -139 138 -144 0 -16 -233 -242 -330 -319 -155 -123 -309 -223 -461 -299 l-81 -41 32 46 c18 26 49 83 70 128 143 306 141 649 -6 957 -25 52 -61 116 -79 142 l-34 47 45 -20 c26 -10 76 -36 113 -56z m-2057 25 c-40 -58 -105 -190 -130 -263 -110 -324 -59 -707 132 -981 25 -35 42 -64 37 -64 -19 0 -241 119 -326 174 -188 122 -406 314 -532 468 l-58 71 108 103 c185 178 428 349 672 473 66 33 121 60 123 61 2 0 -10 -19 -26 -42z\"\/><path d=\"M2375 1950 c-198 -44 -350 -190 -395 -379 -18 -76 -8 -221 19 -290 114 -284 457 -406 731 -260 98 52 188 154 231 260 27 69 37 214 19 290 -38 163 -166 304 -326 360 -67 23 -215 33 -279 19z\"\/><\/g><\/svg><\/i> <img loading=\"lazy\" decoding=\"async\" width=\"16\" height=\"16\" alt=\"Loading\" src=\"https:\/\/sct.rs\/blog\/wp-content\/plugins\/page-views-count\/ajax-loader-2x.gif\" border=0 \/><\/p>\n<div class=\"pvc_clear\"><\/div>\n","protected":false},"author":1,"featured_media":0,"parent":8,"menu_order":0,"comment_status":"closed","ping_status":"closed","template":"","meta":{"sfsi_plus_gutenberg_text_before_share":"","sfsi_plus_gutenberg_show_text_before_share":"","sfsi_plus_gutenberg_icon_type":"","sfsi_plus_gutenberg_icon_alignemt":"","sfsi_plus_gutenburg_max_per_row":"","footnotes":""},"class_list":["post-2","page","type-page","status-publish","hentry"],"yoast_head":"<!-- This site is optimized with the Yoast SEO plugin v21.1 - https:\/\/yoast.com\/wordpress\/plugins\/seo\/ -->\n<title>SCT blog - SCT BLOG<\/title>\n<meta name=\"robots\" content=\"index, follow, max-snippet:-1, max-image-preview:large, max-video-preview:-1\" \/>\n<link rel=\"canonical\" href=\"https:\/\/sct.rs\/blog\/about\/about-sct-blog\/\" \/>\n<meta property=\"og:locale\" content=\"sr_RS\" \/>\n<meta property=\"og:type\" content=\"article\" \/>\n<meta property=\"og:title\" content=\"SCT blog - SCT BLOG\" \/>\n<meta property=\"og:description\" content=\"Ideja da se postavi blog postoji odavno ali nedostatak vremena odlo\u017eio je ovu ideju sve do danas. Pa da krenemo sa pisanjem.U ovom trenutku na internetu postoji na stotine stranica na na\u0161em jeziku a&#046;&#046;&#046;\" \/>\n<meta property=\"og:url\" content=\"https:\/\/sct.rs\/blog\/about\/about-sct-blog\/\" \/>\n<meta property=\"og:site_name\" content=\"SCT BLOG\" \/>\n<meta property=\"article:publisher\" content=\"https:\/\/www.facebook.com\/safe.tuning\/\" \/>\n<meta property=\"article:modified_time\" content=\"2021-10-14T23:50:53+00:00\" \/>\n<meta property=\"og:image\" content=\"https:\/\/sct.rs\/blog\/wp-content\/uploads\/2021\/10\/starta-en-blogg.webp\" \/>\n<meta name=\"twitter:card\" content=\"summary_large_image\" \/>\n<meta name=\"twitter:label1\" content=\"Procenjeno vreme \u010ditanja\" \/>\n\t<meta name=\"twitter:data1\" content=\"2 minuta\" \/>\n<script type=\"application\/ld+json\" class=\"yoast-schema-graph\">{\"@context\":\"https:\/\/schema.org\",\"@graph\":[{\"@type\":\"WebPage\",\"@id\":\"https:\/\/sct.rs\/blog\/about\/about-sct-blog\/\",\"url\":\"https:\/\/sct.rs\/blog\/about\/about-sct-blog\/\",\"name\":\"SCT blog - SCT BLOG\",\"isPartOf\":{\"@id\":\"https:\/\/sct.rs\/blog\/#website\"},\"datePublished\":\"2021-09-26T21:09:41+00:00\",\"dateModified\":\"2021-10-14T23:50:53+00:00\",\"breadcrumb\":{\"@id\":\"https:\/\/sct.rs\/blog\/about\/about-sct-blog\/#breadcrumb\"},\"inLanguage\":\"sr-RS\",\"potentialAction\":[{\"@type\":\"ReadAction\",\"target\":[\"https:\/\/sct.rs\/blog\/about\/about-sct-blog\/\"]}]},{\"@type\":\"BreadcrumbList\",\"@id\":\"https:\/\/sct.rs\/blog\/about\/about-sct-blog\/#breadcrumb\",\"itemListElement\":[{\"@type\":\"ListItem\",\"position\":1,\"name\":\"Home\",\"item\":\"https:\/\/sct.rs\/blog\/\"},{\"@type\":\"ListItem\",\"position\":2,\"name\":\"About\",\"item\":\"https:\/\/sct.rs\/blog\/about\/\"},{\"@type\":\"ListItem\",\"position\":3,\"name\":\"SCT blog\"}]},{\"@type\":\"WebSite\",\"@id\":\"https:\/\/sct.rs\/blog\/#website\",\"url\":\"https:\/\/sct.rs\/blog\/\",\"name\":\"Safe Chip Tuning\",\"description\":\"tuning i servisni centar\",\"publisher\":{\"@id\":\"https:\/\/sct.rs\/blog\/#organization\"},\"potentialAction\":[{\"@type\":\"SearchAction\",\"target\":{\"@type\":\"EntryPoint\",\"urlTemplate\":\"https:\/\/sct.rs\/blog\/?s={search_term_string}\"},\"query-input\":\"required name=search_term_string\"}],\"inLanguage\":\"sr-RS\"},{\"@type\":\"Organization\",\"@id\":\"https:\/\/sct.rs\/blog\/#organization\",\"name\":\"Safe Chip Tuning\",\"url\":\"https:\/\/sct.rs\/blog\/\",\"logo\":{\"@type\":\"ImageObject\",\"inLanguage\":\"sr-RS\",\"@id\":\"https:\/\/sct.rs\/blog\/#\/schema\/logo\/image\/\",\"url\":\"https:\/\/sct.rs\/blog\/wp-content\/uploads\/2021\/09\/cropped-logofirma.jpg\",\"contentUrl\":\"https:\/\/sct.rs\/blog\/wp-content\/uploads\/2021\/09\/cropped-logofirma.jpg\",\"width\":425,\"height\":108,\"caption\":\"Safe Chip Tuning\"},\"image\":{\"@id\":\"https:\/\/sct.rs\/blog\/#\/schema\/logo\/image\/\"},\"sameAs\":[\"https:\/\/www.facebook.com\/safe.tuning\/\",\"https:\/\/www.instagram.com\/safe.chip.tuning\/\",\"https:\/\/www.youtube.com\/c\/DejanSafeChip\"]}]}<\/script>\n<!-- \/ Yoast SEO plugin. -->","yoast_head_json":{"title":"SCT blog - SCT BLOG","robots":{"index":"index","follow":"follow","max-snippet":"max-snippet:-1","max-image-preview":"max-image-preview:large","max-video-preview":"max-video-preview:-1"},"canonical":"https:\/\/sct.rs\/blog\/about\/about-sct-blog\/","og_locale":"sr_RS","og_type":"article","og_title":"SCT blog - SCT BLOG","og_description":"Ideja da se postavi blog postoji odavno ali nedostatak vremena odlo\u017eio je ovu ideju sve do danas. Pa da krenemo sa pisanjem.U ovom trenutku na internetu postoji na stotine stranica na na\u0161em jeziku a&#46;&#46;&#46;","og_url":"https:\/\/sct.rs\/blog\/about\/about-sct-blog\/","og_site_name":"SCT BLOG","article_publisher":"https:\/\/www.facebook.com\/safe.tuning\/","article_modified_time":"2021-10-14T23:50:53+00:00","og_image":[{"url":"https:\/\/sct.rs\/blog\/wp-content\/uploads\/2021\/10\/starta-en-blogg.webp"}],"twitter_card":"summary_large_image","twitter_misc":{"Procenjeno vreme \u010ditanja":"2 minuta"},"schema":{"@context":"https:\/\/schema.org","@graph":[{"@type":"WebPage","@id":"https:\/\/sct.rs\/blog\/about\/about-sct-blog\/","url":"https:\/\/sct.rs\/blog\/about\/about-sct-blog\/","name":"SCT blog - SCT BLOG","isPartOf":{"@id":"https:\/\/sct.rs\/blog\/#website"},"datePublished":"2021-09-26T21:09:41+00:00","dateModified":"2021-10-14T23:50:53+00:00","breadcrumb":{"@id":"https:\/\/sct.rs\/blog\/about\/about-sct-blog\/#breadcrumb"},"inLanguage":"sr-RS","potentialAction":[{"@type":"ReadAction","target":["https:\/\/sct.rs\/blog\/about\/about-sct-blog\/"]}]},{"@type":"BreadcrumbList","@id":"https:\/\/sct.rs\/blog\/about\/about-sct-blog\/#breadcrumb","itemListElement":[{"@type":"ListItem","position":1,"name":"Home","item":"https:\/\/sct.rs\/blog\/"},{"@type":"ListItem","position":2,"name":"About","item":"https:\/\/sct.rs\/blog\/about\/"},{"@type":"ListItem","position":3,"name":"SCT blog"}]},{"@type":"WebSite","@id":"https:\/\/sct.rs\/blog\/#website","url":"https:\/\/sct.rs\/blog\/","name":"Safe Chip Tuning","description":"tuning i servisni centar","publisher":{"@id":"https:\/\/sct.rs\/blog\/#organization"},"potentialAction":[{"@type":"SearchAction","target":{"@type":"EntryPoint","urlTemplate":"https:\/\/sct.rs\/blog\/?s={search_term_string}"},"query-input":"required name=search_term_string"}],"inLanguage":"sr-RS"},{"@type":"Organization","@id":"https:\/\/sct.rs\/blog\/#organization","name":"Safe Chip Tuning","url":"https:\/\/sct.rs\/blog\/","logo":{"@type":"ImageObject","inLanguage":"sr-RS","@id":"https:\/\/sct.rs\/blog\/#\/schema\/logo\/image\/","url":"https:\/\/sct.rs\/blog\/wp-content\/uploads\/2021\/09\/cropped-logofirma.jpg","contentUrl":"https:\/\/sct.rs\/blog\/wp-content\/uploads\/2021\/09\/cropped-logofirma.jpg","width":425,"height":108,"caption":"Safe Chip Tuning"},"image":{"@id":"https:\/\/sct.rs\/blog\/#\/schema\/logo\/image\/"},"sameAs":["https:\/\/www.facebook.com\/safe.tuning\/","https:\/\/www.instagram.com\/safe.chip.tuning\/","https:\/\/www.youtube.com\/c\/DejanSafeChip"]}]}},"jetpack-related-posts":[],"_links":{"self":[{"href":"https:\/\/sct.rs\/blog\/wp-json\/wp\/v2\/pages\/2","targetHints":{"allow":["GET"]}}],"collection":[{"href":"https:\/\/sct.rs\/blog\/wp-json\/wp\/v2\/pages"}],"about":[{"href":"https:\/\/sct.rs\/blog\/wp-json\/wp\/v2\/types\/page"}],"author":[{"embeddable":true,"href":"https:\/\/sct.rs\/blog\/wp-json\/wp\/v2\/users\/1"}],"replies":[{"embeddable":true,"href":"https:\/\/sct.rs\/blog\/wp-json\/wp\/v2\/comments?post=2"}],"version-history":[{"count":8,"href":"https:\/\/sct.rs\/blog\/wp-json\/wp\/v2\/pages\/2\/revisions"}],"predecessor-version":[{"id":337,"href":"https:\/\/sct.rs\/blog\/wp-json\/wp\/v2\/pages\/2\/revisions\/337"}],"up":[{"embeddable":true,"href":"https:\/\/sct.rs\/blog\/wp-json\/wp\/v2\/pages\/8"}],"wp:attachment":[{"href":"https:\/\/sct.rs\/blog\/wp-json\/wp\/v2\/media?parent=2"}],"curies":[{"name":"wp","href":"https:\/\/api.w.org\/{rel}","templated":true}]}}